{"version":"1.0","provider_name":"La Farga L&#039;Hospitalet Centre d&#039;Activitats. La Farga GEM, S.A.","provider_url":"https:\/\/www.lafargalhospitalet.com\/ca\/","title":"L'Aula L\u2019H torna a passar per La Farga - La Farga L&#039;Hospitalet Centre d&#039;Activitats. La Farga GEM, S.A.","type":"rich","width":600,"height":338,"html":"<blockquote class=\"wp-embedded-content\" data-secret=\"kUiU2JYtqe\"><a href=\"https:\/\/www.lafargalhospitalet.com\/ca\/laula-lh-torna-passar-farga\/\">L&#8217;Aula L\u2019H torna a passar per La Farga<\/a><\/blockquote><iframe sandbox=\"allow-scripts\" security=\"restricted\" src=\"https:\/\/www.lafargalhospitalet.com\/ca\/laula-lh-torna-passar-farga\/embed\/#?secret=kUiU2JYtqe\" width=\"600\" height=\"338\" title=\"&#8220;L&#8217;Aula L\u2019H torna a passar per La Farga&#8221; &#8212; La Farga L&#039;Hospitalet Centre d&#039;Activitats. La Farga GEM, S.A.\" data-secret=\"kUiU2JYtqe\" frameborder=\"0\" marginwidth=\"0\" marginheight=\"0\" scrolling=\"no\" class=\"wp-embedded-content\"><\/iframe><script>\n\/*! This file is auto-generated *\/\n!function(d,l){\"use strict\";l.querySelector&&d.addEventListener&&\"undefined\"!=typeof URL&&(d.wp=d.wp||{},d.wp.receiveEmbedMessage||(d.wp.receiveEmbedMessage=function(e){var t=e.data;if((t||t.secret||t.message||t.value)&&!\/[^a-zA-Z0-9]\/.test(t.secret)){for(var s,r,n,a=l.querySelectorAll('iframe[data-secret=\"'+t.secret+'\"]'),o=l.querySelectorAll('blockquote[data-secret=\"'+t.secret+'\"]'),c=new RegExp(\"^https?:$\",\"i\"),i=0;i<o.length;i++)o[i].style.display=\"none\";for(i=0;i<a.length;i++)s=a[i],e.source===s.contentWindow&&(s.removeAttribute(\"style\"),\"height\"===t.message?(1e3<(r=parseInt(t.value,10))?r=1e3:~~r<200&&(r=200),s.height=r):\"link\"===t.message&&(r=new URL(s.getAttribute(\"src\")),n=new URL(t.value),c.test(n.protocol))&&n.host===r.host&&l.activeElement===s&&(d.top.location.href=t.value))}},d.addEventListener(\"message\",d.wp.receiveEmbedMessage,!1),l.addEventListener(\"DOMContentLoaded\",function(){for(var e,t,s=l.querySelectorAll(\"iframe.wp-embedded-content\"),r=0;r<s.length;r++)(t=(e=s[r]).getAttribute(\"data-secret\"))||(t=Math.random().toString(36).substring(2,12),e.src+=\"#?secret=\"+t,e.setAttribute(\"data-secret\",t)),e.contentWindow.postMessage({message:\"ready\",secret:t},\"*\")},!1)))}(window,document);\n\/\/# sourceURL=https:\/\/www.lafargalhospitalet.com\/wp-includes\/js\/wp-embed.min.js\n<\/script>\n","thumbnail_url":"https:\/\/www.lafargalhospitalet.com\/wp-content\/uploads\/2018\/03\/Aula-LH-YoMo-Farga.jpg","thumbnail_width":730,"thumbnail_height":410,"description":"L'Aula L\u2019H\u00a0de TV L\u2019Hospitalet ha passat pel YoMo,\u00a0Youth Mobile Festival, celebrat a La Farga Centre d\u2019Activitats. L\u2019espai presentat per N\u00faria Toril ha repassat tot all\u00f2 relacionat amb el m\u00f3n de la tecnologia digital per al joves, protagonistes d\u2019aquest certamen dins el Mobile World Congress."}

L'Aula L’H de TV L’Hospitalet ha passat pel YoMo, Youth Mobile Festival, celebrat a La Farga Centre d’Activitats. L’espai presentat per Núria Toril ha repassat tot allò relacionat amb el món de la tecnologia digital per al joves, protagonistes d’aquest certamen dins el Mobile World Congress.
