{"id":16695,"date":"2024-12-11T19:02:02","date_gmt":"2024-12-11T18:02:02","guid":{"rendered":"https:\/\/www.lafargalhospitalet.com\/events\/creativa-barcelona-2025\/"},"modified":"2025-11-04T11:28:59","modified_gmt":"2025-11-04T10:28:59","slug":"creativa-barcelona-2025","status":"publish","type":"ajde_events","link":"https:\/\/www.lafargalhospitalet.com\/ca\/events\/creativa-barcelona-2025\/","title":{"rendered":"CREATIVA BARCELONA"},"content":{"rendered":"\n<div class=\"wp-block-uagb-advanced-heading uagb-block-f5eb23f8\"><h3 class=\"uagb-heading-text\">Del 6 al 9 de novembre de 2025<\/h3><\/div>\n\n\n<div class=\"entry-content\">\n<p>El principal esdeveniment espanyol especialitzat en les Manualitats i les Artesanies, el <strong>sal\u00f3 Creativa Barcelona<\/strong>, torna a La Farga de L&#8217;Hospitalet.<\/p>\n<p>El m\u00f3n de les manualitats, la creativitat, el patchwork, scrapp i en general tot all\u00f2 relacionat amb el \u201cDo it yourself\u201d es donar\u00e0 cita del <strong>6 al 9 de novembre de 2025. <\/strong>El m\u00f3n Creativa es consolida com a alternativa a la forta digitalitzaci\u00f3 de l\u2019oci actual.<\/p>\n<p>Creativa Barcelona s\u2019ha marcat com a objectiu principal donar resposta, a trav\u00e9s d\u2019una oferta variada i de qualitat i amb unes activitats paral\u00b7leles d\u2019alt nivell, a les necessitats del cada cop m\u00e9s nombr\u00f3s i exigent p\u00fablic aficionat a les artesanies, manualitats i tot all\u00f2 relacionat amb el m\u00f3n del lleure creatiu.<\/p>\n<p><strong>M\u00e9s informaci\u00f3. <a href=\"https:\/\/creativabarcelona.com\/ca\/\" target=\"_blank\" rel=\"noopener\">creativabarcelona.com<\/a><\/strong><\/p>\n<\/div>","protected":false},"author":1,"featured_media":0,"menu_order":0,"comment_status":"closed","ping_status":"closed","template":"","meta":{"_monsterinsights_skip_tracking":false,"_monsterinsights_sitenote_active":false,"_monsterinsights_sitenote_note":"","_monsterinsights_sitenote_category":0},"tags":[],"event_type":[86,91],"event_type_2":[],"class_list":["post-16695","ajde_events","type-ajde_events","status-publish","hentry","event_location-la-farga-centre-dactivitats","event_organizer-la-farga-de-lhospitalet-i-profei-s-l","event_type-catala","event_type-portada-catala"],"yoast_head":"<!-- This site is optimized with the Yoast SEO plugin v27.5 - https:\/\/yoast.com\/product\/yoast-seo-wordpress\/ -->\n<title>CREATIVA BARCELONA - La Farga L&#039;Hospitalet Centre d&#039;Activitats. La Farga GEM, S.A.<\/title>\n<meta name=\"description\" content=\"Creativa Barcelona, el m\u00f3n de les manualitats, la creativitat, el patchwork, scrapp i el \u201cDo it yourself\u201d es donar\u00e0 cita del 9 al 12 de novembre de 2023.\" \/>\n<meta name=\"robots\" content=\"index, follow, max-snippet:-1, max-image-preview:large, max-video-preview:-1\" \/>\n<link rel=\"canonical\" href=\"https:\/\/www.lafargalhospitalet.com\/events\/creativa-barcelona-2025\/\" \/>\n<meta property=\"og:locale\" content=\"ca_ES\" \/>\n<meta property=\"og:type\" content=\"article\" \/>\n<meta property=\"og:title\" content=\"CREATIVA BARCELONA - La Farga L&#039;Hospitalet Centre d&#039;Activitats. La Farga GEM, S.A.\" \/>\n<meta property=\"og:description\" content=\"Creativa Barcelona, el m\u00f3n de les manualitats, la creativitat, el patchwork, scrapp i el \u201cDo it yourself\u201d es donar\u00e0 cita del 9 al 12 de novembre de 2023.\" \/>\n<meta property=\"og:url\" content=\"https:\/\/www.lafargalhospitalet.com\/events\/creativa-barcelona-2025\/\" \/>\n<meta property=\"og:site_name\" content=\"La Farga L&#039;Hospitalet Centre d&#039;Activitats. La Farga GEM, S.A.\" \/>\n<meta property=\"article:publisher\" content=\"https:\/\/www.facebook.com\/fargahospitalet\/\" \/>\n<meta property=\"article:modified_time\" content=\"2025-11-04T10:28:59+00:00\" \/>\n<meta property=\"og:image\" content=\"https:\/\/www.lafargalhospitalet.com\/wp-content\/uploads\/2024\/12\/creativa-farga-2.png\" \/>\n\t<meta property=\"og:image:width\" content=\"553\" \/>\n\t<meta property=\"og:image:height\" content=\"451\" \/>\n\t<meta property=\"og:image:type\" content=\"image\/png\" \/>\n<meta name=\"twitter:card\" content=\"summary_large_image\" \/>\n<meta name=\"twitter:site\" content=\"@fargahospitalet\" \/>\n<meta name=\"twitter:label1\" content=\"Temps estimat de lectura\" \/>\n\t<meta name=\"twitter:data1\" content=\"1 minut\" \/>\n<script type=\"application\/ld+json\" class=\"yoast-schema-graph\">{\"@context\":\"https:\\\/\\\/schema.org\",\"@graph\":[{\"@type\":\"WebPage\",\"@id\":\"https:\\\/\\\/www.lafargalhospitalet.com\\\/events\\\/creativa-barcelona-2025\\\/\",\"url\":\"https:\\\/\\\/www.lafargalhospitalet.com\\\/events\\\/creativa-barcelona-2025\\\/\",\"name\":\"CREATIVA BARCELONA - La Farga L&#039;Hospitalet Centre d&#039;Activitats. La Farga GEM, S.A.\",\"isPartOf\":{\"@id\":\"https:\\\/\\\/www.lafargalhospitalet.com\\\/#website\"},\"datePublished\":\"2024-12-11T18:02:02+00:00\",\"dateModified\":\"2025-11-04T10:28:59+00:00\",\"description\":\"Creativa Barcelona, el m\u00f3n de les manualitats, la creativitat, el patchwork, scrapp i el \u201cDo it yourself\u201d es donar\u00e0 cita del 9 al 12 de novembre de 2023.\",\"breadcrumb\":{\"@id\":\"https:\\\/\\\/www.lafargalhospitalet.com\\\/events\\\/creativa-barcelona-2025\\\/#breadcrumb\"},\"inLanguage\":\"ca\",\"potentialAction\":[{\"@type\":\"ReadAction\",\"target\":[\"https:\\\/\\\/www.lafargalhospitalet.com\\\/events\\\/creativa-barcelona-2025\\\/\"]}]},{\"@type\":\"BreadcrumbList\",\"@id\":\"https:\\\/\\\/www.lafargalhospitalet.com\\\/events\\\/creativa-barcelona-2025\\\/#breadcrumb\",\"itemListElement\":[{\"@type\":\"ListItem\",\"position\":1,\"name\":\"Portada\",\"item\":\"https:\\\/\\\/www.lafargalhospitalet.com\\\/\"},{\"@type\":\"ListItem\",\"position\":2,\"name\":\"Events\",\"item\":\"https:\\\/\\\/www.lafargalhospitalet.com\\\/ca\\\/events\\\/\"},{\"@type\":\"ListItem\",\"position\":3,\"name\":\"CREATIVA BARCELONA\"}]},{\"@type\":\"WebSite\",\"@id\":\"https:\\\/\\\/www.lafargalhospitalet.com\\\/#website\",\"url\":\"https:\\\/\\\/www.lafargalhospitalet.com\\\/\",\"name\":\"La Farga L'Hospitalet Centre d'Activitats. La Farga GEM, S.A.\",\"description\":\"La Farga L&#039;Hospitalet Centre d&#039;Activitats. Gestionat per La Farga GEM, S.A. Fires i Congressos. Concerts, exposicions, reunions, filmacions, sopars de gala.\",\"publisher\":{\"@id\":\"https:\\\/\\\/www.lafargalhospitalet.com\\\/#organization\"},\"potentialAction\":[{\"@type\":\"SearchAction\",\"target\":{\"@type\":\"EntryPoint\",\"urlTemplate\":\"https:\\\/\\\/www.lafargalhospitalet.com\\\/?s={search_term_string}\"},\"query-input\":{\"@type\":\"PropertyValueSpecification\",\"valueRequired\":true,\"valueName\":\"search_term_string\"}}],\"inLanguage\":\"ca\"},{\"@type\":\"Organization\",\"@id\":\"https:\\\/\\\/www.lafargalhospitalet.com\\\/#organization\",\"name\":\"La Farga L'Hospitalet Centre d'Activitats. La Farga GEM, S.A.\",\"url\":\"https:\\\/\\\/www.lafargalhospitalet.com\\\/\",\"logo\":{\"@type\":\"ImageObject\",\"inLanguage\":\"ca\",\"@id\":\"https:\\\/\\\/www.lafargalhospitalet.com\\\/#\\\/schema\\\/logo\\\/image\\\/\",\"url\":\"https:\\\/\\\/www.lafargalhospitalet.com\\\/wp-content\\\/uploads\\\/2025\\\/10\\\/logotipo_lafarga_centre_activitats.png\",\"contentUrl\":\"https:\\\/\\\/www.lafargalhospitalet.com\\\/wp-content\\\/uploads\\\/2025\\\/10\\\/logotipo_lafarga_centre_activitats.png\",\"width\":266,\"height\":101,\"caption\":\"La Farga L'Hospitalet Centre d'Activitats. La Farga GEM, S.A.\"},\"image\":{\"@id\":\"https:\\\/\\\/www.lafargalhospitalet.com\\\/#\\\/schema\\\/logo\\\/image\\\/\"},\"sameAs\":[\"https:\\\/\\\/www.facebook.com\\\/fargahospitalet\\\/\",\"https:\\\/\\\/x.com\\\/fargahospitalet\",\"https:\\\/\\\/www.instagram.com\\\/lafargahospitalet\\\/\",\"https:\\\/\\\/www.youtube.com\\\/channel\\\/UCoLt6hen3PqGXgbLMGI3Qdw\",\"https:\\\/\\\/www.flickr.com\\\/photos\\\/lafargagemsa\\\/albums\"]}]}<\/script>\n<!-- \/ Yoast SEO plugin. -->","yoast_head_json":{"title":"CREATIVA BARCELONA - La Farga L&#039;Hospitalet Centre d&#039;Activitats. La Farga GEM, S.A.","description":"Creativa Barcelona, el m\u00f3n de les manualitats, la creativitat, el patchwork, scrapp i el \u201cDo it yourself\u201d es donar\u00e0 cita del 9 al 12 de novembre de 2023.","robots":{"index":"index","follow":"follow","max-snippet":"max-snippet:-1","max-image-preview":"max-image-preview:large","max-video-preview":"max-video-preview:-1"},"canonical":"https:\/\/www.lafargalhospitalet.com\/events\/creativa-barcelona-2025\/","og_locale":"ca_ES","og_type":"article","og_title":"CREATIVA BARCELONA - La Farga L&#039;Hospitalet Centre d&#039;Activitats. La Farga GEM, S.A.","og_description":"Creativa Barcelona, el m\u00f3n de les manualitats, la creativitat, el patchwork, scrapp i el \u201cDo it yourself\u201d es donar\u00e0 cita del 9 al 12 de novembre de 2023.","og_url":"https:\/\/www.lafargalhospitalet.com\/events\/creativa-barcelona-2025\/","og_site_name":"La Farga L&#039;Hospitalet Centre d&#039;Activitats. La Farga GEM, S.A.","article_publisher":"https:\/\/www.facebook.com\/fargahospitalet\/","article_modified_time":"2025-11-04T10:28:59+00:00","og_image":[{"width":553,"height":451,"url":"https:\/\/www.lafargalhospitalet.com\/wp-content\/uploads\/2024\/12\/creativa-farga-2.png","type":"image\/png"}],"twitter_card":"summary_large_image","twitter_site":"@fargahospitalet","twitter_misc":{"Temps estimat de lectura":"1 minut"},"schema":{"@context":"https:\/\/schema.org","@graph":[{"@type":"WebPage","@id":"https:\/\/www.lafargalhospitalet.com\/events\/creativa-barcelona-2025\/","url":"https:\/\/www.lafargalhospitalet.com\/events\/creativa-barcelona-2025\/","name":"CREATIVA BARCELONA - La Farga L&#039;Hospitalet Centre d&#039;Activitats. La Farga GEM, S.A.","isPartOf":{"@id":"https:\/\/www.lafargalhospitalet.com\/#website"},"datePublished":"2024-12-11T18:02:02+00:00","dateModified":"2025-11-04T10:28:59+00:00","description":"Creativa Barcelona, el m\u00f3n de les manualitats, la creativitat, el patchwork, scrapp i el \u201cDo it yourself\u201d es donar\u00e0 cita del 9 al 12 de novembre de 2023.","breadcrumb":{"@id":"https:\/\/www.lafargalhospitalet.com\/events\/creativa-barcelona-2025\/#breadcrumb"},"inLanguage":"ca","potentialAction":[{"@type":"ReadAction","target":["https:\/\/www.lafargalhospitalet.com\/events\/creativa-barcelona-2025\/"]}]},{"@type":"BreadcrumbList","@id":"https:\/\/www.lafargalhospitalet.com\/events\/creativa-barcelona-2025\/#breadcrumb","itemListElement":[{"@type":"ListItem","position":1,"name":"Portada","item":"https:\/\/www.lafargalhospitalet.com\/"},{"@type":"ListItem","position":2,"name":"Events","item":"https:\/\/www.lafargalhospitalet.com\/ca\/events\/"},{"@type":"ListItem","position":3,"name":"CREATIVA BARCELONA"}]},{"@type":"WebSite","@id":"https:\/\/www.lafargalhospitalet.com\/#website","url":"https:\/\/www.lafargalhospitalet.com\/","name":"La Farga L'Hospitalet Centre d'Activitats. La Farga GEM, S.A.","description":"La Farga L&#039;Hospitalet Centre d&#039;Activitats. Gestionat per La Farga GEM, S.A. Fires i Congressos. Concerts, exposicions, reunions, filmacions, sopars de gala.","publisher":{"@id":"https:\/\/www.lafargalhospitalet.com\/#organization"},"potentialAction":[{"@type":"SearchAction","target":{"@type":"EntryPoint","urlTemplate":"https:\/\/www.lafargalhospitalet.com\/?s={search_term_string}"},"query-input":{"@type":"PropertyValueSpecification","valueRequired":true,"valueName":"search_term_string"}}],"inLanguage":"ca"},{"@type":"Organization","@id":"https:\/\/www.lafargalhospitalet.com\/#organization","name":"La Farga L'Hospitalet Centre d'Activitats. La Farga GEM, S.A.","url":"https:\/\/www.lafargalhospitalet.com\/","logo":{"@type":"ImageObject","inLanguage":"ca","@id":"https:\/\/www.lafargalhospitalet.com\/#\/schema\/logo\/image\/","url":"https:\/\/www.lafargalhospitalet.com\/wp-content\/uploads\/2025\/10\/logotipo_lafarga_centre_activitats.png","contentUrl":"https:\/\/www.lafargalhospitalet.com\/wp-content\/uploads\/2025\/10\/logotipo_lafarga_centre_activitats.png","width":266,"height":101,"caption":"La Farga L'Hospitalet Centre d'Activitats. La Farga GEM, S.A."},"image":{"@id":"https:\/\/www.lafargalhospitalet.com\/#\/schema\/logo\/image\/"},"sameAs":["https:\/\/www.facebook.com\/fargahospitalet\/","https:\/\/x.com\/fargahospitalet","https:\/\/www.instagram.com\/lafargahospitalet\/","https:\/\/www.youtube.com\/channel\/UCoLt6hen3PqGXgbLMGI3Qdw","https:\/\/www.flickr.com\/photos\/lafargagemsa\/albums"]}]}},"_links":{"self":[{"href":"https:\/\/www.lafargalhospitalet.com\/ca\/wp-json\/wp\/v2\/ajde_events\/16695","targetHints":{"allow":["GET"]}}],"collection":[{"href":"https:\/\/www.lafargalhospitalet.com\/ca\/wp-json\/wp\/v2\/ajde_events"}],"about":[{"href":"https:\/\/www.lafargalhospitalet.com\/ca\/wp-json\/wp\/v2\/types\/ajde_events"}],"author":[{"embeddable":true,"href":"https:\/\/www.lafargalhospitalet.com\/ca\/wp-json\/wp\/v2\/users\/1"}],"replies":[{"embeddable":true,"href":"https:\/\/www.lafargalhospitalet.com\/ca\/wp-json\/wp\/v2\/comments?post=16695"}],"wp:attachment":[{"href":"https:\/\/www.lafargalhospitalet.com\/ca\/wp-json\/wp\/v2\/media?parent=16695"}],"wp:term":[{"taxonomy":"post_tag","embeddable":true,"href":"https:\/\/www.lafargalhospitalet.com\/ca\/wp-json\/wp\/v2\/tags?post=16695"},{"taxonomy":"event_type","embeddable":true,"href":"https:\/\/www.lafargalhospitalet.com\/ca\/wp-json\/wp\/v2\/event_type?post=16695"},{"taxonomy":"event_type_2","embeddable":true,"href":"https:\/\/www.lafargalhospitalet.com\/ca\/wp-json\/wp\/v2\/event_type_2?post=16695"}],"curies":[{"name":"wp","href":"https:\/\/api.w.org\/{rel}","templated":true}]}}

<div class="wp-block-uagb-advanced-heading uagb-block-f5eb23f8"><h3 class="uagb-heading-text">Del 6 al 9 de novembre de 2025</h3></div>


<div class="entry-content">
<p>El principal esdeveniment espanyol especialitzat en les Manualitats i les Artesanies, el <strong>saló Creativa Barcelona</strong>, torna a La Farga de L&#8217;Hospitalet.</p>
<p>El món de les manualitats, la creativitat, el patchwork, scrapp i en general tot allò relacionat amb el “Do it yourself” es donarà cita del <strong>6 al 9 de novembre de 2025. </strong>El món Creativa es consolida com a alternativa a la forta digitalització de l’oci actual.</p>
<p>Creativa Barcelona s’ha marcat com a objectiu principal donar resposta, a través d’una oferta variada i de qualitat i amb unes activitats paral·leles d’alt nivell, a les necessitats del cada cop més nombrós i exigent públic aficionat a les artesanies, manualitats i tot allò relacionat amb el món del lleure creatiu.</p>
<p><strong>Més informació. <a href="https://creativabarcelona.com/ca/" target="_blank" rel="noopener">creativabarcelona.com</a></strong></p>
</div>

<!-- This site is optimized with the Yoast SEO plugin v27.5 - https://yoast.com/product/yoast-seo-wordpress/ -->
<title>CREATIVA BARCELONA - La Farga L&#039;Hospitalet Centre d&#039;Activitats. La Farga GEM, S.A.</title>
<meta name="description" content="Creativa Barcelona, el món de les manualitats, la creativitat, el patchwork, scrapp i el “Do it yourself” es donarà cita del 9 al 12 de novembre de 2023." />
<meta name="robots" content="index, follow, max-snippet:-1, max-image-preview:large, max-video-preview:-1" />
<link rel="canonical" href="https://www.lafargalhospitalet.com/events/creativa-barcelona-2025/" />
<meta property="og:locale" content="ca_ES" />
<meta property="og:type" content="article" />
<meta property="og:title" content="CREATIVA BARCELONA - La Farga L&#039;Hospitalet Centre d&#039;Activitats. La Farga GEM, S.A." />
<meta property="og:description" content="Creativa Barcelona, el món de les manualitats, la creativitat, el patchwork, scrapp i el “Do it yourself” es donarà cita del 9 al 12 de novembre de 2023." />
<meta property="og:url" content="https://www.lafargalhospitalet.com/events/creativa-barcelona-2025/" />
<meta property="og:site_name" content="La Farga L&#039;Hospitalet Centre d&#039;Activitats. La Farga GEM, S.A." />
<meta property="article:publisher" content="https://www.facebook.com/fargahospitalet/" />
<meta property="article:modified_time" content="2025-11-04T10:28:59+00:00" />
<meta property="og:image" content="https://www.lafargalhospitalet.com/wp-content/uploads/2024/12/creativa-farga-2.png" />
	<meta property="og:image:width" content="553" />
	<meta property="og:image:height" content="451" />
	<meta property="og:image:type" content="image/png" />
<meta name="twitter:card" content="summary_large_image" />
<meta name="twitter:site" content="@fargahospitalet" />
<meta name="twitter:label1" content="Temps estimat de lectura" />
	<meta name="twitter:data1" content="1 minut" />
<script type="application/ld+json" class="yoast-schema-graph">{"@context":"https:\/\/schema.org","@graph":[{"@type":"WebPage","@id":"https:\/\/www.lafargalhospitalet.com\/events\/creativa-barcelona-2025\/","url":"https:\/\/www.lafargalhospitalet.com\/events\/creativa-barcelona-2025\/","name":"CREATIVA BARCELONA - La Farga L&#039;Hospitalet Centre d&#039;Activitats. La Farga GEM, S.A.","isPartOf":{"@id":"https:\/\/www.lafargalhospitalet.com\/#website"},"datePublished":"2024-12-11T18:02:02+00:00","dateModified":"2025-11-04T10:28:59+00:00","description":"Creativa Barcelona, el món de les manualitats, la creativitat, el patchwork, scrapp i el “Do it yourself” es donarà cita del 9 al 12 de novembre de 2023.","breadcrumb":{"@id":"https:\/\/www.lafargalhospitalet.com\/events\/creativa-barcelona-2025\/#breadcrumb"},"inLanguage":"ca","potentialAction":[{"@type":"ReadAction","target":["https:\/\/www.lafargalhospitalet.com\/events\/creativa-barcelona-2025\/"]}]},{"@type":"BreadcrumbList","@id":"https:\/\/www.lafargalhospitalet.com\/events\/creativa-barcelona-2025\/#breadcrumb","itemListElement":[{"@type":"ListItem","position":1,"name":"Portada","item":"https:\/\/www.lafargalhospitalet.com\/"},{"@type":"ListItem","position":2,"name":"Events","item":"https:\/\/www.lafargalhospitalet.com\/ca\/events\/"},{"@type":"ListItem","position":3,"name":"CREATIVA BARCELONA"}]},{"@type":"WebSite","@id":"https:\/\/www.lafargalhospitalet.com\/#website","url":"https:\/\/www.lafargalhospitalet.com\/","name":"La Farga L'Hospitalet Centre d'Activitats. La Farga GEM, S.A.","description":"La Farga L&#039;Hospitalet Centre d&#039;Activitats. Gestionat per La Farga GEM, S.A. Fires i Congressos. Concerts, exposicions, reunions, filmacions, sopars de gala.","publisher":{"@id":"https:\/\/www.lafargalhospitalet.com\/#organization"},"potentialAction":[{"@type":"SearchAction","target":{"@type":"EntryPoint","urlTemplate":"https:\/\/www.lafargalhospitalet.com\/?s={search_term_string}"},"query-input":{"@type":"PropertyValueSpecification","valueRequired":true,"valueName":"search_term_string"}}],"inLanguage":"ca"},{"@type":"Organization","@id":"https:\/\/www.lafargalhospitalet.com\/#organization","name":"La Farga L'Hospitalet Centre d'Activitats. La Farga GEM, S.A.","url":"https:\/\/www.lafargalhospitalet.com\/","logo":{"@type":"ImageObject","inLanguage":"ca","@id":"https:\/\/www.lafargalhospitalet.com\/#\/schema\/logo\/image\/","url":"https:\/\/www.lafargalhospitalet.com\/wp-content\/uploads\/2025\/10\/logotipo_lafarga_centre_activitats.png","contentUrl":"https:\/\/www.lafargalhospitalet.com\/wp-content\/uploads\/2025\/10\/logotipo_lafarga_centre_activitats.png","width":266,"height":101,"caption":"La Farga L'Hospitalet Centre d'Activitats. La Farga GEM, S.A."},"image":{"@id":"https:\/\/www.lafargalhospitalet.com\/#\/schema\/logo\/image\/"},"sameAs":["https:\/\/www.facebook.com\/fargahospitalet\/","https:\/\/x.com\/fargahospitalet","https:\/\/www.instagram.com\/lafargahospitalet\/","https:\/\/www.youtube.com\/channel\/UCoLt6hen3PqGXgbLMGI3Qdw","https:\/\/www.flickr.com\/photos\/lafargagemsa\/albums"]}]}</script>
<!-- / Yoast SEO plugin. -->

Creativa Barcelona, el món de les manualitats, la creativitat, el patchwork, scrapp i el “Do it yourself” es donarà cita del 9 al 12 de novembre de 2023.
